631
List the prime factors of 87789.
3, 13, 2251
What are the prime factors of 534971?
534971
List the prime factors of 7667226.
2, 3, 7, 8693
What are the prime factors of 3852123?
3, 11, 116731
List the prime factors of 350233.
13, 29, 929
What are the prime factors of 379147?
379147
What are the prime factors of 192765?
3, 5, 71, 181
List the prime factors of 383861.
43, 79, 113
What are the prime factors of 344449?
7, 49207
List the prime factors of 461847.
3, 153949
List the prime factors of 329810.
2, 5, 13, 43, 59
What are the prime factors of 267089?
89, 3001
What are the prime factors of 479914?
2, 239957
List the prime factors of 770241.
3, 19, 13513
List the prime factors of 432606.
2, 3, 72101
List the prime factors of 2262357.
3, 83791
What are the prime factors of 6580140?
2, 3, 5, 7, 15667
List the prime factors of 3301602.
2, 3, 550267
What are the prime factors of 4555144?
2, 11, 37, 1399
List the prime factors of 8298944.
2, 129671
List the prime factors of 20361.
3, 11, 617
What are the prime factors of 2195420?
2, 5, 31, 3541
What are the prime factors of 26712739?
109, 245071
List the prime factors of 614403.
3, 19, 3593
What are the prime factors of 242854?
2, 31, 3917
What are the prime factors of 16590?
2, 3, 5, 7, 79
List the prime factors of 17486.
2, 7, 1249
What are the prime factors of 703303?
277, 2539
List the prime factors of 1426932.
2, 3, 13, 3049
What are the prime factors of 467153?
19, 23, 1069
What are the prime factors of 12839526?
2, 3, 7, 33967
List the prime factors of 857723.
857723
What are the prime factors of 9648867?
3, 3216289
List the prime factors of 868067.
59, 14713
List the prime factors of 7957183.
13, 37, 71, 233
List the prime factors of 147486.
2, 3, 47, 523
What are the prime factors of 4163140?
2, 5, 41, 5077
List the prime factors of 435027.
3, 145009
What are the prime factors of 2924551?
7, 417793
What are the prime factors of 15104248?
2, 1888031
List the prime factors of 152333.
347, 439
List the prime factors of 7141993.
2521, 2833
List the prime factors of 3066250.
2, 5, 11, 223
List the prime factors of 610329.
3, 131, 1553
List the prime factors of 605294.
2, 302647
List the prime factors of 241408.
2, 23, 41
List the prime factors of 492625.
5, 7, 563
What are the prime factors of 565834?
2, 282917
List the prime factors of 2247303.
3, 283, 2647
What are the prime factors of 1097675?
5, 23, 83
List the prime factors of 11116698.
2, 3, 661, 2803
What are the prime factors of 39129?
3, 13043
What are the prime factors of 431895?
3, 5, 28793
What are the prime factors of 1004474?
2, 502237
What are the prime factors of 26856?
2, 3, 373
List the prime factors of 657431.
657431
List the prime factors of 425816.
2, 17, 31, 101
List the prime factors of 17239646.
2, 43, 200461
What are the prime factors of 6853685?
5, 509, 2693
What are the prime factors of 2873733?
3, 43, 22277
What are the prime factors of 898962?
2, 3, 149827
What are the prime factors of 162687?
3, 7, 61, 127
List the prime factors of 374300.
2, 5, 19, 197
List the prime factors of 1552855.
5, 310571
What are the prime factors of 349455?
3, 5, 23297
List the prime factors of 2274654.
2, 3, 23, 53, 311
List the prime factors of 524836.
2, 13, 10093
List the prime factors of 14876919.
3, 550997
List the prime factors of 1074258.
2, 3, 37, 1613
What are the prime factors of 113145?
3, 5, 19, 397
List the prime factors of 346069.
17, 20357
List the prime factors of 19356528.
2, 3, 403261
What are the prime factors of 61442?
2, 31, 991
List the prime factors of 1047918.
2, 3, 174653
What are the prime factors of 2070571?
29, 71399
What are the prime factors of 1637793?
3, 60659
List the prime factors of 27850110.
2, 3, 5, 928337
List the prime factors of 6631125.
3, 5, 17683
List the prime factors of 136159.
47, 2897
List the prime factors of 323972.
2, 11, 37, 199
List the prime factors of 14892252.
2, 3, 149, 8329
List the prime factors of 1205026.
2, 602513
List the prime factors of 379932.
2, 3, 7, 4523
List the prime factors of 4020693.
3, 61, 127, 173
What are the prime factors of 582796?
2, 367, 397
List the prime factors of 3025731.
3, 19, 109, 487
What are the prime factors of 192161?
192161
List the prime factors of 1804718.
2, 23, 39233
What are the prime factors of 204054?
2, 3, 71, 479
What are the prime factors of 5325457?
647, 8231
List the prime factors of 219239.
271, 809
List the prime factors of 2290117.
2290117
List the prime factors of 287740.
2, 5, 14387
What are the prime factors of 187350?
2, 3, 5, 1249
What are the prime factors of 35852262?
2, 3, 23, 61, 4259
List the prime factors of 85254.
2, 3, 13, 1093
What are the prime factors of 135172?
2, 47, 719
What are the prime factors of 134745?
3, 5, 13, 691
List the prime factors of 29392.
2, 11, 167
List the prime factors of 237101.
19, 12479
What are the prime factors of 53115?
3, 5, 3541
List the prime factors of 6333162.
2, 3, 11, 95957
List the prime factors of 1487555.
5, 29, 10259
What are the prime factors of 5386564?
2, 1346641
What are the prime factors of 110240?
2, 5, 13, 53
List the prime factors of 3267377.
3267377
What are the prime factors of 4685949?
3, 293, 1777
List the prime factors of 16585304.
2, 2073163
What are the prime factors of 60157?
43, 1399
List the prime factors of 8950977.
3, 7, 20297
List the prime factors of 239239.
7, 11, 13, 239
List the prime factors of 553342.
2, 276671
What are the prime factors of 206425?
5, 23, 359
List the prime factors of 3785546.
2, 1892773
List the prime factors of 25120244.
2, 401, 15661
List the prime factors of 1645125.
3, 5, 41, 107
What are the prime factors of 35352059?
31, 1140389
What are the prime factors of 599169?
3, 29, 71, 97
What are the prime factors of 478826?
2, 31, 7723
What are the prime factors of 159146?
2, 13, 6121
List the prime factors of 178378.
2, 89189
What are the prime factors of 1082713?
17, 63689
List the prime factors of 762343.
211, 3613
List the prime factors of 283535.
5, 7, 8101
What are the prime factors of 235116?
2, 3, 7, 311
List the prime factors of 378880.
2, 5, 37
What are the prime factors of 12031676?
2, 3007919
List the prime factors of 3195563.
7, 307, 1487
List the prime factors of 10685394.
2, 3, 593633
List the prime factors of 12416027.
13, 31, 30809
What are the prime factors of 110414?
2, 55207
What are the prime factors of 268488?
2, 3, 11, 113
What are the prime factors of 9146554?
2, 809, 5653
List the prime factors of 5120414.
2, 13, 29, 6791
List the prime factors of 1686678.
2, 3, 7, 5737
List the prime factors of 3256753.
41, 79433
List the prime factors of 6653140.
2, 5, 13, 25589
List the prime factors of 185933.
11, 16903
What are the prime factors of 9254144?
2, 37, 977
List the prime factors of 14188536.
2, 3, 197063
What are the prime factors of 6442707?
3, 2147569
List the prime factors of 551317.
13, 42409
What are the prime factors of 149765?
5, 7, 11, 389
What are the prime factors of 1533715?
5, 137, 2239
List the prime factors of 39415486.
2, 11, 17, 105389
What are the prime factors of 3053496?
2, 3, 47, 2707
List the prime factors of 387865.
5, 77573
List the prime factors of 19125.
3, 5, 17
List the prime factors of 173503.
11, 15773
What are the prime factors of 1028437?
1028437
List the prime factors of 330673.
7, 97, 487
List the prime factors of 22162.
2, 7, 1583
What are the prime factors of 2114185?
5, 67, 6311
What are the prime factors of 723003?
3, 401, 601
What are the prime factors of 3907905?
3, 5, 260527
List the prime factors of 726887.
7, 103841
What are the prime factors of 958544?
2, 139, 431
What are the prime factors of 3841234?
2, 1920617
List the prime factors of 24175900.
2, 5, 7, 34537
List the prime factors of 177375.
3, 5, 11, 43
List the prime factors of 73656.
2, 3, 11, 31
List the prime factors of 1970850.
2, 3, 5, 7, 1877
What are the prime factors of 105733?
105733
What are the prime factors of 151383?
3, 50461
What are the prime factors of 23181558?
2, 3, 19, 43, 4729
List the prime factors of 32022042.
2, 3, 13, 353, 1163
List the prime factors of 3901660.
2, 5, 7, 29, 31
List the prime factors of 2134852.
2, 533713
List the prime factors of 8849778.
2, 3, 7, 210709
List 